*m + r, 2*c - 66 = 4*m. Calculate the remainder when 112 is divided by c.
13
Suppose 119*r - 619995 = -130786. What is the remainder when r is divided by 196?
191
Let g be 1*(5/4 + 2/(-8)). Let w be ((-1240)/120)/((-2)/3 + g). Let h = w + 45. What is the remainder when 40 is divided by h?
12
Let k = -1876 - -2180. What is the remainder when k is divided by 105?
94
Let j(s) = s**3 + 10*s**2 + 14*s + 29. Let n(k) = k**3 + 35*k**2 + 37*k + 94. Let y be n(-34). What is the remainder when 762 is divided by j(y)?
42
Suppose -4*f + 5*f = 31*f. Suppose f = 50*p - 36*p - 1442. Calculate the remainder when p is divided by 35.
33
What is the remainder when -2 - (145*(-10)/(-75))/((-8)/432) is divided by 208?
2
Suppose -160*r - 47*r + 10557 = 0. What is the remainder when 939 is divided by r?
21
Suppose 2*r = -2, l + 3*r - 35 = 2*r. Suppose 4*k + 147 = 155. Calculate the remainder when 269 is divided by 320/18 - -4*k/l.
17
Let c(x) = -1335*x - 2336. Calculate the remainder when c(-5) is divided by 20.
19
Suppose r = -4*g + 134, 17*r - 19*r = g - 219. Calculate the remainder when 19925 is divided by r.
103
Suppose -13*m = 18*m. Suppose -g + x = -4, m = -g + 5*x - 4 - 0. Calculate the remainder when 18 is divided by g.
0
Let k = -734 + 739. Let u(p) = 11*p - 35. What is the remainder when 39 is divided by u(k)?
19
Let j(v) = 2*v**3 + 92*v**2 - v - 20. Suppose 0 = -0*i - 4*i + 744. Calculate the remainder when (10/(-4))/((-3)/i) is divided by j(-46).
25
Let c(l) = -46*l**2 + 7821*l - 68. What is the remainder when 2646 is divided by c(170)?
96
Let y = 3850 - 3090. Calculate the remainder when y is divided by 24.
16
Let c = 4359 + -4323. Calculate the remainder when 236 is divided by c.
20
Let k(z) = -4*z + 82. What is the remainder when k(-18) is divided by 131?
23
Let g = 6 + 41. Calculate the remainder when (405/(-3) - 91/(-13))*-1 is divided by g.
34
Suppose -20290 - 302 = -144*q. What is the remainder when q is divided by 36?
35
Let u(o) = o**2 - o + 16. Let m be u(0). What is the remainder when m*(-3)/((-42)/(-4))*-7 is divided by 7?
4
Suppose -6969 = -14*g + 498 + 345. Suppose -f - 5*f = -168. Calculate the remainder when g is divided by f.
26
Suppose -13*m + 10*m + y - 11 = 0, -4*y - 7 = 5*m. Let p(k) = 26*k**2 + 24*k + 5. Calculate the remainder when p(m) is divided by 21.
20
Suppose 0 = -8*p + 9551 - 6775. Calculate the remainder when p is divided by (-1206)/(-21) + (-12)/(-21).
57
Let m be (3 + 1)/((-12)/(-543)). Suppose 55 = 2*n + 3*g, -5*n - 12 = -3*g - m. Suppose 189 = 3*d - 0*d. Calculate the remainder when d is divided by n.
31
Let h(j) be the third derivative of -5*j**4/24 - 13*j**3/6 - 22*j**2 + 2*j. Let n = -10 + 2. What is the remainder when h(n) is divided by 6?
3
Suppose 7 = 2*p + 1. Suppose -p*z = 2*z - 325. Let f = 77 + -66. What is the remainder when z is divided by f?
10
Suppose 2*o = w - 28, -o = -w - 3*o + 28. What is the remainder when 79 is divided by w?
23
Suppose 4 - 7 = 3*c, 5*w = c + 1826. Calculate the remainder when w is divided by 89.
9
Suppose 0 = 3*p - v + 11, 0 = -3*p + 4*p - 2*v + 12. Let x be (-2)/((p + 5)/3). Let r(q) = -18*q - 19. Calculate the remainder when 47 is divided by r(x).
13
Let x be (21 - 25)*(-1)/(-4)*-31. What is the remainder when x/(-3)*168/(-28) is divided by 16?
14
Suppose 219 - 45 = 3*y. Let z(n) = -n**2 + 13*n + 30. What is the remainder when y is divided by z(14)?
10
Suppose -19*v - 797 = -14895. Calculate the remainder when (-4 - v/(-7)) + 8 is divided by 28.
26
Suppose 15*w - 42*w + 1296 = 0. Calculate the remainder when -4 - (-776)/(8 + -4) is divided by w.
46
Suppose -33 = -2*k - 19. Calculate the remainder when 48 is divided by 7 + 70/k + -4.
9
Let y(b) = 57*b + 315. Calculate the remainder when y(-4) is divided by 17.
2
Suppose 5*w + 4*z - 95063 = 0, -5*z + 1030 = -w + 20060. What is the remainder when w is divided by 37?
34
Suppose -5*o + 2655 = -3*q, -5*q - 682 = -6*o + 2504. Calculate the remainder when o is divided by 135.
126
Let y(r) = -r**3 - 6*r**2 + 9*r + 33. Suppose 4*m - 65 + 93 = 0. Calculate the remainder when 92 - ((-2)/1)/2 is divided by y(m).
17
Let l(k) = -4*k**3 - k**2 + 2*k. Let m be (12/(-60))/((-2)/(-4))*5. Let f be l(m). Suppose -2*h - f = -3*h. Calculate the remainder when 95 is divided by h.
23
Suppose -5*d + 259 = -901. Calculate the remainder when d is divided by 61.
49
Let q be -2*15/10*3. Let i be (-1667)/q + (-6)/27. Suppose 0 = -3*z + 10 + i. What is the remainder when z is divided by 24?
17
Let f(n) = -n**3 - 14*n**2 - 36*n + 3. Suppose 0 = t - 1 + 3, -2*s + 5*t = -224. What is the remainder when s is divided by f(-11)?
35
Suppose -w + 2593 = 4*h - 15866, -h = -5*w - 4641. What is the remainder when h is divided by 21?
17
Suppose -328*j + 333*j - 855 = 0. Calculate the remainder when 187 is divided by j.
16
Let y(f) = -26*f + 1260. What is the remainder when y(-13) is divided by 40?
38
Let f = 1214 + -1209. Suppose 4*h = i - 347, -7*i - 176 = 2*h - 5*i. What is the remainder when h/(-2)*6/9 is divided by f?
4
Suppose 0 = -5*x + 2*x + 141. Let s be (-11 + (6 - -3))*7/2. Let f(w) = 7*w + 140. What is the remainder when f(s) is divided by x?
44
Suppose -42*y = -43*y + 4. Suppose 2*h = 3*j - 14, 5 = -y*h - h. Suppose x - 6 = 3. Calculate the remainder when x is divided by j.
1
Let p(f) = f**3 - 61*f**2 - 470*f - 178. What is the remainder when p(68) is divided by 27?
14
Calculate the remainder when (160032/84)/((-4)/(-42)) is divided by 27.
24
Suppose 32*f = 35*f - 6. Suppose 3*h - 3*s = 15, f*h + 4*s = -3*h + 34. What is the remainder when (-2)/3 + 62/3 is divided by h?
2
Suppose 0 = 4*w - 3*y - 326, 3*w - 240 = -14*y + 17*y. Calculate the remainder when w is divided by 27.
5
Suppose 5*f + 2*f = -1799. Let z = 275 + f. What is the remainder when 157 is divided by z?
13
Let g = 228 - -130. Suppose -4*r = -s - g + 15, 4*r - 346 = 2*s. Suppose h - 40 = -4*f + 35, -4*f + h + r = 0. What is the remainder when 35 is divided by f?
15
Calculate the remainder when 162/135*(-1860)/(-9) is divided by 33.
17
Let t be 3*((-7)/35 - 13/(-15)). Suppose 35*u - 383 = t. What is the remainder when 51 is divided by u?
7
Let m(z) = -18*z**2 + 127*z - 10. Calculate the remainder when 7697 is divided by m(5).
172
Suppose 16*b - 110 = 50. Suppose 5*x = -5*a - 20, -3*x + 2*a + 0*a + 8 = 0. Suppose -5*u + 64 + 231 = x. Calculate the remainder when u is divided by b.
9
Let u(c) = -c**3 + 6*c**2 + 8*c - 16. Let l(o) = 255*o**3 - o**2 - o + 2. Calculate the remainder when l(1) is divided by u(6).
31
Suppose -47*d = -84*d - 3552. Suppose -3*i + 117 + 6 = 0. Calculate the remainder when i is divided by 2/(((-8)/22)/(d/176)).
2
Let t(q) = q**3 - 28*q**2 + 33*q + 525. What is the remainder when 154 is divided by t(26)?
30
Let z be 2/(-5) + 4711/(-35). Let q = -132 - z. Let y(h) = 19*h - 3. What is the remainder when y(q) is divided by 11?
10
Suppose 3*a + 4*w - 20 = -0*w, -a - 15 = -3*w. Suppose 6*l = 4*l - 2, -5*t + 5*l + 1480 = a. What is the remainder when t is divided by 13?
9
Let s = -189 - -191. Suppose 5*x = -b + 39, -48 = -s*b - 2*x + 22. Calculate the remainder when 115 is divided by b.
13
Let n(r) = -130*r - 111. Calculate the remainder when 2352 is divided by n(-1).
15
Let d = 1426 - 959. Suppose -89 = -3*c - 249*a + 253*a, -5*c = a - 202. What is the remainder when d is divided by c?
38
Let u = -392 + 229. Let j = -151 - u. Calculate the remainder when 382 is divided by j.
10
Suppose 2*n - 367 = -2*n - 183. Calculate the remainder when 321 is divided by n.
45
Let z = 36534 - 36416. Calculate the remainder when 637 is divided by z.
47
Let t = 708 + -636. What is the remainder when t is divided by 37?
35
Let v(n) = 64*n**2 + 102*n - 315. What is the remainder when v(3) is divided by 38?
35
Let v be 1478*((-2)/(-3) + (-21)/126). Let w = v + -622. Suppose -97 = -5*y + o + 3*o, 2*y - 5*o = 49. What is the remainder when w is divided by y?
15
Let t = 4941 + -4898. What is the remainder when t is divided by 35?
8
Suppose 5*v = 0, -5*n + 5*v = -743 + 218. Calculate the remainder when 406 is divided by n.
91
Let d(j) = 50*j + 496. What is the remainder when 689 is divided by d(-8)?
17
Let r = 27 + -24. Suppose -r*k - 5*k = -544. Suppose v - k = -v. What is the remainder when v is divided